 = -13 + 19. Let z = 20 - m. What is the greatest common factor of z and 70?
14
Suppose -4 = -2*u - 0. What is the highest common divisor of u and 18?
2
Let o be 46 + (-2)/4*2. Let l be ((-6)/(-5))/1*25. Calculate the highest common factor of l and o.
15
Let f(n) = 60*n**2 + n - 1. Let j be f(1). Let c = 3 + -3. Suppose c*a = -5*a + j. What is the highest common factor of a and 12?
12
Let j(d) = 35*d - 2. Let t be j(3). Let l = 36 - 91. Let n = l + t. Calculate the greatest common divisor of n and 16.
16
Let w(r) = -2*r**2 - 11*r + 1. Let s be w(-5). What is the greatest common factor of s and 12?
6
Let z = -7 + 23. What is the greatest common divisor of 4 and z?
4
Let g be -12*2 - 2/(-2). Let r = g + 32. What is the greatest common divisor of 1 and r?
1
Let r be 7/((-14)/20) + 1. Let z = -6 - r. Calculate the highest common divisor of z and 15.
3
Suppose 40 = 2*j + 28. Calculate the greatest common divisor of 9 and j.
3
Let s(j) = -j + 25. Let g be s(-11). Calculate the highest common factor of 4 and g.
4
Let i = 16 - -32. Calculate the highest common divisor of i and 6.
6
Suppose 5*p + 2*u = 7*u + 125, -3*u = 2*p - 30. Let s be (-4)/(-4) - (-4 + -2). Calculate the highest common divisor of s and p.
7
Suppose 5*r + 5 = 90. What is the highest common divisor of 153 and r?
17
Suppose -30 - 6 = -2*p. Let m be ((-94)/(-4) + -1)*2. What is the greatest common divisor of m and p?
9
Let f(d) = d**2 - 2*d - 4. Let y be f(6). Suppose -n + y = -30. What is the greatest common divisor of n and 10?
10
Let i(a) = -7*a + 1 + 2*a**2 - a**3 - 3*a**2 + 9*a**2. Let x = 10 + -3. Let b be i(x). What is the greatest common factor of b and 10?
1
Let p(c) = c**3 - 6*c**2 + 7*c - 3. Let l be p(6). Suppose 4*o - 5*a + 4*a = l, 2*o + 4*a = 42. Calculate the greatest common divisor of 22 and o.
11
Let q(k) = k - 1. Let z be q(4). Suppose -2*p + 28 = 2*r, 0 = -2*r - 1 - z. What is the highest common factor of 24 and p?
8
Let c = 65 - 60. Calculate the highest common factor of 75 and c.
5
Suppose -2*d - 14 = -3*d. Calculate the highest common divisor of d and 28.
14
Suppose 0 = 4*c - 85 - 71. What is the highest common factor of c and 13?
13
Let u be (-16)/(-3)*(-3)/(-1). Let t = 378 + 514. Suppose -5*p + 4*l + t = 0, -3*p - 2*p + 868 = 4*l. What is the greatest common divisor of p and u?
16
Suppose 6*w - 195 = w. Calculate the greatest common factor of 273 and w.
39
Suppose -30 = i - 3*i. Calculate the highest common factor of 3 and i.
3
Suppose -4*v = -q - 60, v - q = 5*v - 60. Suppose -2*r + 3*w = -139 + 31, -r - w = -64. Calculate the highest common factor of r and v.
15
Let f be (66/77)/(1/14). Let d = f + -9. What is the greatest common divisor of 9 and d?
3
Let q(r) = r**3 + 9*r**2 + 15*r + 3. Let v be q(-6). Let p be (-1)/(1 - 128/126). Calculate the greatest common divisor of p and v.
21
Let m = 28 - 12. Let i = m - 6. What is the highest common divisor of 4 and i?
2
Let y = 8 + -34. Let l be 4/y - (-30)/26. Let n(x) = 2*x. Let z be n(l). What is the greatest common factor of z and 2?
2
Suppose 0 = m - 15 - 2. What is the highest common factor of 153 and m?
17
Suppose -2*v - 3*v = -90. Let u = v + -13. Let m be (-4)/(-10) + 18/u. Calculate the highest common divisor of 2 and m.
2
Let h be 1/(-5) - (-132)/10. Suppose 4*p = 15 + h. Let d(a) = -a**3 + 9*a**2 + 4*a - 1. Let k be d(9). What is the highest common factor of p and k?
7
Suppose 5*r = -2*m + 133, 0*m + 71 = 3*r - m. Calculate the highest common divisor of r and 10.
5
Suppose 0*l - 5*k = -3*l + 34, -4*l = 3*k + 3. Suppose 9 = -l*w, 0*w - 140 = -4*b + 4*w. What is the greatest common factor of 4 and b?
4
Let w(s) = 3*s**2 + s. Let p be w(1). Suppose -p*m + 166 = -194. Let b = 64 - 46. Calculate the highest common divisor of m and b.
18
Suppose 5*f - 16 = -4*a, 0*a + 3*a - 12 = f. Let n = 11 - a. What is the greatest common divisor of n and 7?
7
Suppose 4*w = -5*k + 18, -4*w = -2*w + k - 6. Let s = -3 + w. Let d = s - -10. Calculate the highest common factor of d and 72.
9
Let f(k) be the third derivative of 3*k**4/4 + 3*k**2. Let l be f(4). What is the greatest common factor of 18 and l?
18
Let o be -11*((-3)/3 - -4). Let b = 138 + o. What is the greatest common factor of b and 15?
15
Suppose 0 = -0*c + c - 72. Let h(q) = q**3 - 8*q**2 + 8*q + 1. Let w be h(7). Calculate the greatest common factor of w and c.
8
Suppose -x - 36 = -3*x - c, 3*c - 72 = -4*x. Let j = -19 + 37. Calculate the highest common factor of j and x.
18
Let u be (-2)/7 + (-368)/(-14). Suppose -13*f = -398 - 109. Calculate the greatest common divisor of u and f.
13
Suppose 5*m = z + 67, -5*m + 2*z = -0*z - 69. Let q = 35 - 22. Let n be (-2 + q)*(1 - -12). What is the highest common divisor of n and m?
13
Let d be -2 - (1 + -3) - 6. Let g(i) = i**3 + 6*i**2 - 2*i + 8. Let j be g(d). Calculate the greatest common divisor of 4 and j.
4
Let n = 2 + 1. Let t(j) be the first derivative of -j**3/3 + 4*j**2 - 3*j + 1. Let q be t(3). Calculate the greatest common divisor of n and q.
3
Suppose -4*j = -5*j. Suppose j*o - 4 = -4*o. Let a be (1/o + 16)*1. Calculate the greatest common divisor of a and 187.
17
Let o = -272 + 398. Let k(u) = -2*u**2 - 4*u - 2. Let d be k(-3). Let l be d/(-36) - 372/(-27). What is the greatest common divisor of o and l?
14
Suppose x = -2*x + 12. Calculate the highest common divisor of x and 44.
4
Let x be 2 + 1 - (-1502 + 0). Let k be x/28 - 2/(-8). What is the highest common factor of 6 and k?
6
Let n = 276 + -31. What is the greatest common divisor of 49 and n?
49
Suppose -15 = -5*r + 15. Suppose 2*l + 10 = 4*l, -4*k - 13 = -5*l. Let g be 2/k*(2 + 1). What is the highest common factor of r and g?
2
Let i = 109 - 84. What is the greatest common divisor of i and 5?
5
Let a(z) = -z**3 - 4*z**2 + 5*z + 6. Let s be 2 - (-1 + -1)*1. Let k be s/2 + 21/(-3). Let i be a(k). Calculate the highest common divisor of 6 and i.
6
Let s be (0 - (-1 + -1)) + -2. Suppose s = 5*i - 53 - 17. Let j = 252 - 217. Calculate the highest common factor of j and i.
7
Suppose 4*x = -5*s + 200, 3*s + 35 = -3*x + 182. Let p be (-1 - (x - -2))*-1. Calculate the greatest common divisor of 32 and p.
16
Let s = 185 + -104. Calculate the greatest common divisor of 27 and s.
27
Suppose 3*y = 2*d - d, -40 = -d - 5*y. Calculate the highest common factor of 15 and d.
15
Let b(o) = o**2 + 6*o - 14. Let m(d) = d. Let n(f) = b(f) + 5*m(f). Let j be n(-13). What is the highest common divisor of 60 and j?
12
Suppose j = -3*j + 32. Let l = 16 + -12. What is the highest common divisor of l and j?
4
Let o be ((-6)/(-8))/((-3)/(-48)). Suppose -4*m = 4*y - 0*y - 92, -m + 3*y = -3. What is the highest common divisor of m and o?
6
Suppose -5 = -u - 0*u. Suppose u*o - 16 = -3*n, -2*n - 22 = -5*o - 3*n. Let l = -55 - -80. Calculate the greatest common divisor of l and o.
5
Let a(k) = 10*k**2 + k + 1. Let j be a(-1). Calculate the greatest common factor of j and 80.
10
Let s be (-2 + -1 - 1) + 15. Calculate the highest common factor of s and 99.
11
Suppose -5*o - j = -33, 4*j = -4*o - 10 + 46. Calculate the greatest common divisor of o and 18.
6
Let t = -5 - -11. Let i(o) = 3*o**3 - 6*o**2 + 9*o. Let z be i(4). Suppose -z = 3*w - 5*w. What is the highest common divisor of w and t?
6
Let z(f) = -3*f + 2*f**2 + 3*f + 2 + 5*f. Let s be z(-3). Calculate the highest common factor of s and 35.
5
Suppose 5*n = 7 + 58. What is the highest common factor of 52 and n?
13
Suppose 3*p = 2*j + 49, 5*p - 82 = 2*j + j. What is the greatest common divisor of p and 51?
17
Suppose 40 = 2*m + 16. Let g = -103 - -151. Calculate the highest common divisor of g and m.
12
Let w(c) = -6*c - 5. Let u(p) = -3*p - 2. Let q(n) = 9*u(n) - 4*w(n). Let d be q(-2). Suppose 2*s = s + 32. Calculate the greatest common factor of s and d.
8
Let i = 7 + 7. What is the greatest common divisor of i and 140?
14
Suppose -8*m - 22 = -10*m. Let z(n) = 2*n + 6. Let w be z(-6). Let g(r) = 3*r**2 + 8*r - 5. Let y be g(w). What is the highest common factor of m and y?
11
Suppose -81*j + 76*j + 35 = 0. What is the greatest common divisor of 21 and j?
7
Suppose 0 = 5*b - 0*k - 4*k - 280, k - 305 = -5*b. Calculate the greatest common divisor of b and 40.
20
Let p = 110 - 50. What is the highest common factor of p and 